{"id":16836,"date":"2016-11-10T17:16:29","date_gmt":"2016-11-10T17:16:29","guid":{"rendered":"http:\/\/drpedrodetoledo.com.br\/?page_id=16836"},"modified":"2017-07-21T01:46:41","modified_gmt":"2017-07-21T01:46:41","slug":"home-bridge-health-2-2-3","status":"publish","type":"page","link":"https:\/\/drpedrodetoledo.com.br\/?page_id=16836","title":{"rendered":"Cirurgia de Catarata"},"content":{"rendered":"<p>[vc_row row_type=&#8221;parallax&#8221; parallax_content_width=&#8221;in_grid&#8221; text_align=&#8221;left&#8221; background_image=&#8221;16875&#8243; full_screen_section_height=&#8221;no&#8221; el_class=&#8221;c-slide&#8221; css=&#8221;.vc_custom_1478803099322{background-position: center !important;background-repeat: no-repeat !important;background-size: cover !important;}&#8221;][vc_column][vc_column_text el_class=&#8221;c-slide-bg&#8221;][\/vc_column_text][vc_column_text el_class=&#8221;c-slide-title&#8221;]<\/p>\n<h1>Cirurgia de Catarata<\/h1>\n<p>[\/vc_column_text][vc_column_text el_class=&#8221;c-slide-text&#8221;]<\/p>\n<h3>Conhe\u00e7a o procedimento<\/h3>\n<p>[\/vc_column_text][\/vc_column][\/vc_row][vc_row row_type=&#8221;row&#8221; use_row_as_full_screen_section=&#8221;no&#8221; type=&#8221;grid&#8221; angled_section=&#8221;no&#8221; text_align=&#8221;left&#8221; background_image_as_pattern=&#8221;without_pattern&#8221; css_animation=&#8221;&#8221; el_id=&#8221;row-vh&#8221; el_class=&#8221;hasrow&#8221; css=&#8221;.vc_custom_1478181868751{padding-top: 60px !important;padding-bottom: 60px !important;}&#8221;][vc_column][vc_gallery interval=&#8221;5&#8243; images=&#8221;16908,16922,16910&#8243; img_size=&#8221;full&#8221; el_class=&#8221;s-big&#8221;][vc_gallery interval=&#8221;5&#8243; images=&#8221;16902,16898,16924&#8243; img_size=&#8221;full&#8221; el_class=&#8221;s-small&#8221;][vc_column_text css=&#8221;.vc_custom_1496697956894{margin-top: 20px !important;margin-bottom: 20px !important;}&#8221;]<\/p>\n<h2>O que \u00e9?<\/h2>\n<p>[\/vc_column_text][vc_column_text]A catarata \u00e9 o nome dado ao processo de opacifica\u00e7\u00e3o do cristalino, lente natural dos nossos olhos. Existem diversos tipos de catarata: a cong\u00eanita (em beb\u00eas e rec\u00e9m-natos), a traum\u00e1tica, a medicamentosa e a senil. Este ultimo tipo \u00e9 a considerada a mais comum.<\/p>\n<p>&nbsp;<\/p>\n<p>O processo de envelhecimento provoca uma mudan\u00e7a no cristalino que, com o passar dos anos, vai se opacificando, ou seja, mudando de \u201ccristalino\u201d para \u201ccatarata\u201d.\u00a0 E \u00e9 essa transforma\u00e7\u00e3o que prejudica a vis\u00e3o. Nas fases iniciais \u00e9 notada apenas uma mudan\u00e7a das cores e do contraste, mas com o \u201camadurecimento&#8221; da catarata, a vis\u00e3o vai se perdendo at\u00e9 que a cegueira apare\u00e7a por completo.[\/vc_column_text][vc_column_text css=&#8221;.vc_custom_1496697925160{margin-top: 20px !important;margin-bottom: 20px !important;}&#8221;]<\/p>\n<h2>Como se trata?<\/h2>\n<p>[\/vc_column_text][vc_column_text]Como estamos falando de uma estrutura que sofreu um processo de opacifica\u00e7\u00e3o prejudicando a vis\u00e3o, a \u00fanica maneira de se tratar \u00e9 com a cirurgia. O objetivo da cirurgia \u00e9 substituir este cristalino opacificado por uma lente nova, um cristalino artificial, recuperando e restabelecendo a vis\u00e3o e a qualidade visual antes perdida.[\/vc_column_text][vc_column_text css=&#8221;.vc_custom_1496698014016{margin-top: 20px !important;margin-bottom: 20px !important;}&#8221;]<\/p>\n<h2>Existe alguma forma de prevenir a catarata?<\/h2>\n<p>[\/vc_column_text][vc_column_text]Sim. Por\u00e9m, estaremos retardando apenas o seu aparecimento. A catarata ocorre por um processo de oxida\u00e7\u00e3o interna do cristalino. Desta forma, protegendo os olhos ou eliminando a maioria dos fatores que causam um estresse oxidativo nas estruturas internas do cristalino, podemos desacelerar o seu aparecimento. O processo de envelhecimento, por si s\u00f3 j\u00e1 provoca o dano oxidativo a essas estruturas, no entanto, protegendo o olho dos raios UVA \/ UVB, evitando o cigarro (tabagismo) e melhorando o consumo de alimentos anti-oxidantes, podemos lenificar esse processo e retardar a cirurgia.<\/p>\n<p>[\/vc_column_text][vc_column_text css=&#8221;.vc_custom_1496698102273{margin-top: 20px !important;margin-bottom: 20px !important;}&#8221;]<\/p>\n<h2>Como \u00e9 a cirurgia?<\/h2>\n<p>[\/vc_column_text][vc_column_text]A cirurgia \u00e9 feita com a ajuda de uma aparelho chamado facoemulsificador. Este aparelho tem a fun\u00e7\u00e3o de fragmentar a catarata em micro peda\u00e7os e retira-los do olho. As incis\u00f5es realizadas na c\u00f3rnea para acesso a catarata s\u00e3o muito pequenas atualmente evitando pontos. Esses tamanhos hoje variam de 1.8mm a 2.75mm e s\u00e3o feitas de acordo com a t\u00e9cnica ou experi\u00eancia do cirurgi\u00e3o. Atualmente, chegou ao mercado o aparelho de Fentosegundo que auxilia o cirurgi\u00e3o a realizar muitos dos processos que antes eram feitos manualmente atrav\u00e9s do Laser conferindo uma seguran\u00e7a maior a cirurgia de catarata.<\/p>\n<p>&nbsp;<\/p>\n<p>Ap\u00f3s a remo\u00e7\u00e3o da catarata, \u00e9 implantada uma lente artificial ou \u201cnovo cristalino\u201d que ir\u00e1 substituir o anterior que estava prejudicando a vis\u00e3o. Todo procedimento deve ter sempre uma lente implantada. Existem diversas lentes dispon\u00edveis no mercado, mas basicamente podemos falar de 3 tipos de tecnologias que podem ser usadas separadas ou em combina\u00e7\u00e3o nas lentes: monofocal, t\u00f3rica e multifocal (saiba mais sobre lentes intra oculares neste link.)[\/vc_column_text][vc_column_text css=&#8221;.vc_custom_1496698158124{margin-top: 20px !important;margin-bottom: 20px !important;}&#8221;]<\/p>\n<h2>Acho que tenho catarata. O que devo fazer?<\/h2>\n<p>[\/vc_column_text][vc_column_text css=&#8221;.vc_custom_1496698200068{margin-bottom: 30px !important;}&#8221;]Procure o especialista em Catarata. Realize um exame minucioso e converse com ele sobre a cirurgia e as lentes para serem colocadas. Nunca deixe de questionar sobre os riscos e benef\u00edcios. Devemos sempre lembrar que, apesar de muito segura e avan\u00e7ada, a cirurgia de catarata n\u00e3o \u00e9 livre de riscos.[\/vc_column_text][\/vc_column][\/vc_row]<\/p>\n","protected":false},"excerpt":{"rendered":"<p>[vc_row row_type=&#8221;parallax&#8221; parallax_content_width=&#8221;in_grid&#8221; text_align=&#8221;left&#8221; background_image=&#8221;16875&#8243; full_screen_section_height=&#8221;no&#8221; el_class=&#8221;c-slide&#8221; css=&#8221;.vc_custom_1478803099322{background-position: center !important;background-repeat: no-repeat !important;background-size: cover !important;}&#8221;][vc_column][vc_column_text el_class=&#8221;c-slide-bg&#8221;][\/vc_column_text][vc_column_text el_class=&#8221;c-slide-title&#8221;] Cirurgia de Catarata [\/vc_column_text][vc_column_text el_class=&#8221;c-slide-text&#8221;] Conhe\u00e7a o procedimento [\/vc_column_text][\/vc_column][\/vc_row][vc_row row_type=&#8221;row&#8221; use_row_as_full_screen_section=&#8221;no&#8221; type=&#8221;grid&#8221; angled_section=&#8221;no&#8221; text_align=&#8221;left&#8221; background_image_as_pattern=&#8221;without_pattern&#8221; css_animation=&#8221;&#8221; el_id=&#8221;row-vh&#8221; el_class=&#8221;hasrow&#8221; css=&#8221;.vc_custom_1478181868751{padding-top: 60px !important;padding-bottom: 60px !important;}&#8221;][vc_column][vc_gallery interval=&#8221;5&#8243; images=&#8221;16908,16922,16910&#8243; img_size=&#8221;full&#8221; el_class=&#8221;s-big&#8221;][vc_gallery interval=&#8221;5&#8243; images=&#8221;16902,16898,16924&#8243;&#8230;<\/p>\n","protected":false},"author":1,"featured_media":0,"parent":0,"menu_order":0,"comment_status":"open","ping_status":"open","template":"full_width.php","meta":{"footnotes":""},"_links":{"self":[{"href":"https:\/\/drpedrodetoledo.com.br\/index.php?rest_route=\/wp\/v2\/pages\/16836"}],"collection":[{"href":"https:\/\/drpedrodetoledo.com.br\/index.php?rest_route=\/wp\/v2\/pages"}],"about":[{"href":"https:\/\/drpedrodetoledo.com.br\/index.php?rest_route=\/wp\/v2\/types\/page"}],"author":[{"embeddable":true,"href":"https:\/\/drpedrodetoledo.com.br\/index.php?rest_route=\/wp\/v2\/users\/1"}],"replies":[{"embeddable":true,"href":"https:\/\/drpedrodetoledo.com.br\/index.php?rest_route=%2Fwp%2Fv2%2Fcomments&post=16836"}],"version-history":[{"count":15,"href":"https:\/\/drpedrodetoledo.com.br\/index.php?rest_route=\/wp\/v2\/pages\/16836\/revisions"}],"predecessor-version":[{"id":17018,"href":"https:\/\/drpedrodetoledo.com.br\/index.php?rest_route=\/wp\/v2\/pages\/16836\/revisions\/17018"}],"wp:attachment":[{"href":"https:\/\/drpedrodetoledo.com.br\/index.php?rest_route=%2Fwp%2Fv2%2Fmedia&parent=16836"}],"curies":[{"name":"wp","href":"https:\/\/api.w.org\/{rel}","templated":true}]}}