{"id":16736,"date":"2016-11-03T17:06:21","date_gmt":"2016-11-03T17:06:21","guid":{"rendered":"http:\/\/drpedrodetoledo.com.br\/?page_id=16736"},"modified":"2016-11-04T12:38:08","modified_gmt":"2016-11-04T12:38:08","slug":"home-bridge-health-2-2-2","status":"publish","type":"page","link":"https:\/\/drpedrodetoledo.com.br\/?page_id=16736","title":{"rendered":"Blog"},"content":{"rendered":"<p>[vc_row row_type=&#8221;parallax&#8221; parallax_content_width=&#8221;in_grid&#8221; text_align=&#8221;left&#8221; background_image=&#8221;16753&#8243; full_screen_section_height=&#8221;no&#8221; el_class=&#8221;c-slide&#8221; css=&#8221;.vc_custom_1478195881472{background-position: center !important;background-repeat: no-repeat !important;background-size: cover !important;}&#8221;][vc_column][vc_column_text el_class=&#8221;c-slide-bg&#8221;][\/vc_column_text][vc_column_text el_class=&#8221;c-slide-title&#8221;]<\/p>\n<h1>Fique de olho<\/h1>\n<p>[\/vc_column_text][vc_column_text el_class=&#8221;c-slide-text&#8221;]<\/p>\n<h3>Fique por dentro das novidades<\/h3>\n<p>[\/vc_column_text][\/vc_column][\/vc_row][vc_row row_type=&#8221;row&#8221; use_row_as_full_screen_section=&#8221;no&#8221; type=&#8221;grid&#8221; angled_section=&#8221;no&#8221; text_align=&#8221;left&#8221; background_image_as_pattern=&#8221;without_pattern&#8221; css_animation=&#8221;&#8221; el_id=&#8221;row-vh&#8221; el_class=&#8221;hasrow&#8221; css=&#8221;.vc_custom_1478181868751{padding-top: 60px !important;padding-bottom: 60px !important;}&#8221;][vc_column][vc_column_text css=&#8221;.vc_custom_1478193050249{margin-top: 0px !important;margin-bottom: 60px !important;}&#8221;]<\/p>\n<h1 style=\"text-align: center;\">Artigos recentes<\/h1>\n<p>[\/vc_column_text]<div class='q_masonry_blog'><div class=\"q_masonry_blog_grid_sizer\"><\/div><div class=\"q_masonry_blog_grid_gutter\"><\/div><article  class='post-17000 post type-post status-publish format-standard has-post-thumbnail hentry category-oftalmo category-sem-categoria '><div class=\"q_masonry_blog_post_image\"><a itemprop=\"url\" href=\"https:\/\/drpedrodetoledo.com.br\/?p=17000\" target=\"_self\"><img decoding=\"async\" itemprop=\"image\" src=\"https:\/\/drpedrodetoledo.com.br\/wp-content\/uploads\/2017\/06\/FOTO_glaucoma-2.jpg\" \/><\/a><\/div><div class=\"q_masonry_blog_post_text\"><h2 itemprop=\"name\" class=\"q_masonry_blog_title entry_title\"><a itemprop=\"url\" href=\"https:\/\/drpedrodetoledo.com.br\/?p=17000\">Glaucoma, o sil\u00eancio que pode levar \u00e0 cegueira.<\/a><\/h2><p itemprop=\"description\" class=\"q_masonry_blog_excerpt\">Considerada uma das principais doen\u00e7as oftalmol\u00f3gicas que podem levar \u00e0 cegueira de maneira irrevers\u00edvel, o glaucoma somente pode ser diagnosticado dentro do consult\u00f3rio m\u00e9dico oftalmol\u00f3gico. E...<\/p><div class=\"q_masonry_blog_post_info\"><\/div><\/div><\/article><article  class='post-16997 post type-post status-publish format-standard has-post-thumbnail hentry category-oftalmo category-sem-categoria '><div class=\"q_masonry_blog_post_image\"><a itemprop=\"url\" href=\"https:\/\/drpedrodetoledo.com.br\/?p=16997\" target=\"_self\"><img decoding=\"async\" itemprop=\"image\" src=\"https:\/\/drpedrodetoledo.com.br\/wp-content\/uploads\/2017\/06\/FOTO_catarata-2.jpg\" \/><\/a><\/div><div class=\"q_masonry_blog_post_text\"><h2 itemprop=\"name\" class=\"q_masonry_blog_title entry_title\"><a itemprop=\"url\" href=\"https:\/\/drpedrodetoledo.com.br\/?p=16997\">Catarata, uma doen\u00e7a ocular muito comum.<\/a><\/h2><p itemprop=\"description\" class=\"q_masonry_blog_excerpt\">Uma das causas da cegueira que \u00e9 considerada a mais importante devido ao seu impacto econ\u00f4mico-social, n\u00e3o s\u00f3 na vida dos idosos, como tamb\u00e9m na sociedade e pelo elevado custo financeiro que gera...<\/p><div class=\"q_masonry_blog_post_info\"><\/div><\/div><\/article><article  class='post-16993 post type-post status-publish format-standard has-post-thumbnail hentry category-oftalmo category-sem-categoria '><div class=\"q_masonry_blog_post_image\"><a itemprop=\"url\" href=\"https:\/\/drpedrodetoledo.com.br\/?p=16993\" target=\"_self\"><img decoding=\"async\" itemprop=\"image\" src=\"https:\/\/drpedrodetoledo.com.br\/wp-content\/uploads\/2017\/06\/conjutivite.jpg\" \/><\/a><\/div><div class=\"q_masonry_blog_post_text\"><h2 itemprop=\"name\" class=\"q_masonry_blog_title entry_title\"><a itemprop=\"url\" href=\"https:\/\/drpedrodetoledo.com.br\/?p=16993\">A conjuntivite e o ver\u00e3o.<\/a><\/h2><p itemprop=\"description\" class=\"q_masonry_blog_excerpt\">S\u00e3o muito comuns epidemias de conjuntivite no ver\u00e3o. A conjuntiva \u00e9 uma membrana que recobre o interior das p\u00e1lpebras e a parte branca dos olhos (esclera). Durante epis\u00f3dios de conjuntivite, esta...<\/p><div class=\"q_masonry_blog_post_info\"><\/div><\/div><\/article><article  class='post-16990 post type-post status-publish format-standard has-post-thumbnail hentry category-oftalmo category-sem-categoria '><div class=\"q_masonry_blog_post_image\"><a itemprop=\"url\" href=\"https:\/\/drpedrodetoledo.com.br\/?p=16990\" target=\"_self\"><img decoding=\"async\" itemprop=\"image\" src=\"https:\/\/drpedrodetoledo.com.br\/wp-content\/uploads\/2017\/06\/FOTO_protetor-solar-2.jpg\" \/><\/a><\/div><div class=\"q_masonry_blog_post_text\"><h2 itemprop=\"name\" class=\"q_masonry_blog_title entry_title\"><a itemprop=\"url\" href=\"https:\/\/drpedrodetoledo.com.br\/?p=16990\">Fique atento aos raios solares! Cuide dos seus olhos!<\/a><\/h2><p itemprop=\"description\" class=\"q_masonry_blog_excerpt\">No in\u00edcio deste ano a imprensa nos alertou sobre os altos \u00edndices de irradia\u00e7\u00e3o solar aqui no Brasil, ultrapassando n\u00edveis que colocam em risco a sa\u00fade do homem. A maior absor\u00e7\u00e3o de Raios UVA ...<\/p><div class=\"q_masonry_blog_post_info\"><\/div><\/div><\/article><article  class='post-16986 post type-post status-publish format-standard has-post-thumbnail hentry category-oftalmo category-sem-categoria '><div class=\"q_masonry_blog_post_image\"><a itemprop=\"url\" href=\"https:\/\/drpedrodetoledo.com.br\/?p=16986\" target=\"_self\"><img decoding=\"async\" itemprop=\"image\" src=\"https:\/\/drpedrodetoledo.com.br\/wp-content\/uploads\/2017\/06\/FOTO-oftalmo-2.jpg\" \/><\/a><\/div><div class=\"q_masonry_blog_post_text\"><h2 itemprop=\"name\" class=\"q_masonry_blog_title entry_title\"><a itemprop=\"url\" href=\"https:\/\/drpedrodetoledo.com.br\/?p=16986\">Porque precisamos ir ao oftalmologista anualmente?<\/a><\/h2><p itemprop=\"description\" class=\"q_masonry_blog_excerpt\">Muitas pessoas acham que a consulta oftalmol\u00f3gica deve ser feita somente quando apresentamos algum problema no olho. A maioria dos pacientes somente nos procuram porque se queixam de alguma dificulda...<\/p><div class=\"q_masonry_blog_post_info\"><\/div><\/div><\/article><article  class='post-16977 post type-post status-publish format-standard has-post-thumbnail hentry category-oftalmo category-sem-categoria tag-articles '><div class=\"q_masonry_blog_post_image\"><a itemprop=\"url\" href=\"https:\/\/drpedrodetoledo.com.br\/?p=16977\" target=\"_self\"><img decoding=\"async\" itemprop=\"image\" src=\"https:\/\/drpedrodetoledo.com.br\/wp-content\/uploads\/2017\/06\/FOTO_cataratas-21.jpg\" \/><\/a><\/div><div class=\"q_masonry_blog_post_text\"><h2 itemprop=\"name\" class=\"q_masonry_blog_title entry_title\"><a itemprop=\"url\" href=\"https:\/\/drpedrodetoledo.com.br\/?p=16977\">Recuperando a auto estima ap\u00f3s a cirurgia de catarata!<\/a><\/h2><p itemprop=\"description\" class=\"q_masonry_blog_excerpt\">A cirurgia de catarata pode reduzir em at\u00e9 40% o risco de mortalidade As pessoas com perda de vis\u00e3o por causa da catarata que se submeteram \u00e0 cirurgia vivem mais do que aquelas que n\u00e3o passam pelo...<\/p><div class=\"q_masonry_blog_post_info\"><\/div><\/div><\/article><\/div>[vc_column_text]<\/p>\n<h1 style=\"text-align: center;\">Artigos mais antigos<\/h1>\n<p>[\/vc_column_text][\/vc_column][\/vc_row][vc_row row_type=&#8221;row&#8221; use_row_as_full_screen_section=&#8221;no&#8221; type=&#8221;grid&#8221; angled_section=&#8221;no&#8221; text_align=&#8221;left&#8221; background_image_as_pattern=&#8221;without_pattern&#8221; css_animation=&#8221;&#8221; css=&#8221;.vc_custom_1478262977510{padding-bottom: 60px !important;}&#8221;][vc_column width=&#8221;1\/6&#8243;][vc_raw_html]JTNDZGl2JTIwY2xhc3MlM0QlMjJib3gtbWVzJTIyJTNFamFuJTNDJTJGZGl2JTNF[\/vc_raw_html][vc_raw_html]JTNDZGl2JTIwY2xhc3MlM0QlMjJib3gtbWVzJTIyJTNFanVsJTNDJTJGZGl2JTNF[\/vc_raw_html][\/vc_column][vc_column width=&#8221;1\/6&#8243;][vc_raw_html]JTNDZGl2JTIwY2xhc3MlM0QlMjJib3gtbWVzJTIyJTNFZmV2JTNDJTJGZGl2JTNF[\/vc_raw_html][vc_raw_html]JTNDZGl2JTIwY2xhc3MlM0QlMjJib3gtbWVzJTIyJTNFYWdvJTNDJTJGZGl2JTNF[\/vc_raw_html][\/vc_column][vc_column width=&#8221;1\/6&#8243;][vc_raw_html]JTNDZGl2JTIwY2xhc3MlM0QlMjJib3gtbWVzJTIyJTNFbWFyJTNDJTJGZGl2JTNF[\/vc_raw_html][vc_raw_html]JTNDZGl2JTIwY2xhc3MlM0QlMjJib3gtbWVzJTIyJTNFc2V0JTNDJTJGZGl2JTNF[\/vc_raw_html][\/vc_column][vc_column width=&#8221;1\/6&#8243;][vc_raw_html]JTNDZGl2JTIwY2xhc3MlM0QlMjJib3gtbWVzJTIyJTNFYWJyJTNDJTJGZGl2JTNF[\/vc_raw_html][vc_raw_html]JTNDZGl2JTIwY2xhc3MlM0QlMjJib3gtbWVzJTIyJTNFb3V0JTNDJTJGZGl2JTNF[\/vc_raw_html][\/vc_column][vc_column width=&#8221;1\/6&#8243;][vc_raw_html]JTNDZGl2JTIwY2xhc3MlM0QlMjJib3gtbWVzJTIyJTNFbWFpJTNDJTJGZGl2JTNF[\/vc_raw_html][vc_raw_html]JTNDZGl2JTIwY2xhc3MlM0QlMjJib3gtbWVzJTIyJTNFbm92JTNDJTJGZGl2JTNF[\/vc_raw_html][\/vc_column][vc_column width=&#8221;1\/6&#8243;][vc_raw_html]JTNDZGl2JTIwY2xhc3MlM0QlMjJib3gtbWVzJTIyJTNFanVuJTNDJTJGZGl2JTNF[\/vc_raw_html][vc_raw_html]JTNDZGl2JTIwY2xhc3MlM0QlMjJib3gtbWVzJTIyJTNFZGV6JTNDJTJGZGl2JTNF[\/vc_raw_html][\/vc_column][\/vc_row]<\/p>\n","protected":false},"excerpt":{"rendered":"<p>[vc_row row_type=&#8221;parallax&#8221; parallax_content_width=&#8221;in_grid&#8221; text_align=&#8221;left&#8221; background_image=&#8221;16753&#8243; full_screen_section_height=&#8221;no&#8221; el_class=&#8221;c-slide&#8221; css=&#8221;.vc_custom_1478195881472{background-position: center !important;background-repeat: no-repeat !important;background-size: cover !important;}&#8221;][vc_column][vc_column_text el_class=&#8221;c-slide-bg&#8221;][\/vc_column_text][vc_column_text el_class=&#8221;c-slide-title&#8221;] Fique de olho [\/vc_column_text][vc_column_text el_class=&#8221;c-slide-text&#8221;] Fique por dentro das novidades [\/vc_column_text][\/vc_column][\/vc_row][vc_row row_type=&#8221;row&#8221; use_row_as_full_screen_section=&#8221;no&#8221; type=&#8221;grid&#8221; angled_section=&#8221;no&#8221; text_align=&#8221;left&#8221; background_image_as_pattern=&#8221;without_pattern&#8221; css_animation=&#8221;&#8221; el_id=&#8221;row-vh&#8221; el_class=&#8221;hasrow&#8221; css=&#8221;.vc_custom_1478181868751{padding-top: 60px !important;padding-bottom: 60px !important;}&#8221;][vc_column][vc_column_text css=&#8221;.vc_custom_1478193050249{margin-top: 0px !important;margin-bottom: 60px&#8230;<\/p>\n","protected":false},"author":1,"featured_media":0,"parent":0,"menu_order":0,"comment_status":"open","ping_status":"open","template":"full_width.php","meta":{"footnotes":""},"_links":{"self":[{"href":"https:\/\/drpedrodetoledo.com.br\/index.php?rest_route=\/wp\/v2\/pages\/16736"}],"collection":[{"href":"https:\/\/drpedrodetoledo.com.br\/index.php?rest_route=\/wp\/v2\/pages"}],"about":[{"href":"https:\/\/drpedrodetoledo.com.br\/index.php?rest_route=\/wp\/v2\/types\/page"}],"author":[{"embeddable":true,"href":"https:\/\/drpedrodetoledo.com.br\/index.php?rest_route=\/wp\/v2\/users\/1"}],"replies":[{"embeddable":true,"href":"https:\/\/drpedrodetoledo.com.br\/index.php?rest_route=%2Fwp%2Fv2%2Fcomments&post=16736"}],"version-history":[{"count":22,"href":"https:\/\/drpedrodetoledo.com.br\/index.php?rest_route=\/wp\/v2\/pages\/16736\/revisions"}],"predecessor-version":[{"id":16766,"href":"https:\/\/drpedrodetoledo.com.br\/index.php?rest_route=\/wp\/v2\/pages\/16736\/revisions\/16766"}],"wp:attachment":[{"href":"https:\/\/drpedrodetoledo.com.br\/index.php?rest_route=%2Fwp%2Fv2%2Fmedia&parent=16736"}],"curies":[{"name":"wp","href":"https:\/\/api.w.org\/{rel}","templated":true}]}}